.
5
Suppose -8*q - 350 = -550. Calculate the greatest common divisor of q and 3.
1
Let k = -4 - -4. Suppose 0 = w + 2*n - k*n - 7, 3*w + 3*n = 6. Let h be -4 - w - (3 - 29). Calculate the highest common factor of 200 and h.
25
Let s(o) = -o**3 + 15*o**2 - 6*o + 2. Let x be s(14). Let y = x - -2. Suppose 17 + y = n. Calculate the greatest common divisor of 19 and n.
19
Let u be (2/7)/(8/280). Let x be -1*(-1 - (5 + -1)). What is the greatest common factor of x and u?
5
Let k be (-26)/(-3) - (-2)/(-3). Let n = -14 - -17. Suppose u + 123 = 4*h, n*h + 0*u - 91 = u. Calculate the highest common factor of h and k.
8
Suppose 2*k = h + 4266, 8532 = 5*k - k + 5*h. Calculate the greatest common factor of 27 and k.
27
Let f be (-5)/(-30) - (-11)/6. Let h = 7 + -3. Calculate the greatest common divisor of h and f.
2
Let l = 15 + -15. Suppose o - 3*x - 42 = l, -3*x + 148 = 4*o - 5*x. What is the highest common factor of 18 and o?
18
Let d be (-10 - 28/(-3))/(4/(-78)). What is the highest common factor of 65 and d?
13
Let k = -1145 + 1169. What is the highest common factor of 1272 and k?
24
Let b be (-8)/20 - 482/(-5). Let u(t) = -33*t - 618. Let o be u(-26). What is the highest common divisor of b and o?
48
Let c be (16625/20)/7 - 1/(-4). Let r be 1 + 14 + (-4)/(-2). What is the highest common divisor of r and c?
17
Let k(o) = 119*o**2 - 2*o - 1. Suppose -40*i + 36*i = 4. Let m be k(i). Calculate the highest common factor of 15 and m.
15
Let r be -2 + 2 + -6 + 9. Let u be 74/r - 6/(-18). What is the greatest common factor of u and 15?
5
Let y be (-75)/(-10)*12/9. Calculate the greatest common divisor of y and 225.
5
Suppose 465 = -2*q + 1643. Calculate the greatest common divisor of q and 19.
19
Let g be (133/(-4))/(4193/(-4792)). Suppose 1 = -3*u - 11, -4*u - 16 = -s. Let l be 151/1 - (s + -1). Calculate the greatest common divisor of l and g.
38
Suppose 2*r = 48 + 32. Let q(x) = -7*x + 326. Let c be q(38). What is the highest common divisor of r and c?
20
Let v(o) = 2*o + 29. Let t be v(-6). Suppose -t*q = -7*q - 50. Calculate the greatest common divisor of q and 10.
5
Let h = -4928 - -4949. Suppose -20 = -s - x + 3*x, -3*s = -2*x - 48. Calculate the greatest common factor of s and h.
7
Suppose -24 = 5*r - 4. Let x(c) = -2*c - 6. Let b be x(r). Let i = 24 + -20. Calculate the highest common factor of b and i.
2
Let c be 570/(-19)*18/(-3). Calculate the greatest common divisor of c and 234.
18
Suppose 2*o = o + 5. Suppose -n - a + 21 = -2*a, n - 39 = -o*a. Let d = 87 - n. What is the greatest common factor of d and 7?
7
Let y be (6/4)/((-15)/(-40)). Suppose 0 = y*p + 4*h + 31 + 81, 97 = -4*p - h. Let r = 2 - p. What is the highest common factor of r and 200?
25
Let c(m) be the second derivative of -5*m**3/6 + 5*m**2/2 + 7*m. Let o be c(-11). What is the highest common divisor of o and 40?
20
Suppose -5*l - g + 880 = 0, 4*l - 114 - 569 = -5*g. Calculate the highest common factor of 3 and l.
3
Let t be (207/5)/(84/280). What is the greatest common divisor of 6 and t?
6
Let s(p) = p**2 - 19*p + 18. Let z be s(18). Suppose z = -0*b - 3*b + 6. Suppose -2*n = -3*n + b. What is the greatest common factor of 16 and n?
2
Suppose -f - 3*f + 5*j = 38, -3*f - 3*j = 15. Let z = f + 147. What is the greatest common factor of 35 and z?
35
Let a be (2 - (0 - -1))*(-278)/(-2). Let u = 238 - a. What is the greatest common factor of 9 and u?
9
Let h = 2 + 26. What is the greatest common divisor of 560 and h?
28
Suppose -20 = -5*t + u, 3*t - 4 = 5*u - 14. Suppose t*y - 4*y - 24 = -w, -5*y + 116 = w. What is the highest common factor of y and 23?
23
Suppose -9*r + 23 = -13. Suppose -r*h - 4*t = -11 - 305, -h + t + 89 = 0. What is the greatest common divisor of 12 and h?
12
Let k be 8 - (-9)/(-6)*2. Suppose 3*h - 9 = 0, k*h + 46 + 147 = 4*c. Suppose 0*q - 2*q = -26. What is the greatest common divisor of c and q?
13
Let x be (-5)/(-10)*(-21 - -3). Let n(g) = 4*g**2 - 14*g - 18. Let l be n(x). Calculate the greatest common divisor of l and 48.
48
Suppose -2*o + 3*l = 10, 2*o - 2*l = o - 6. Let n = o - -18. Let w(d) = 5*d**2 + 223*d + 38. Let u be w(-45). Calculate the greatest common factor of n and u.
16
Suppose -x + 6*x + 3*z - 46 = 0, 4*z = -12. Let o = 61 + -39. Let s be (-132)/24*o/(-1). What is the greatest common factor of x and s?
11
Let x be -1 + 0 + -1 - -15. Let n be 1 + 2 + -1 - (-112 - -75). What is the highest common factor of n and x?
13
Let i(f) = f**3 - 24*f**2 - 25*f + 69. Let y be i(25). Calculate the highest common divisor of y and 92.
23
Let y = 134 + -84. What is the greatest common divisor of 625 and y?
25
Let b(c) = -c**2 - c + 23. Let v be b(0). Let r = -225 - -228. Suppose r*t - 131 = -v. Calculate the highest common factor of t and 24.
12
Suppose -s + 158 = 5*a - 279, -4*s = 2*a - 1712. Calculate the highest common factor of s and 7.
7
Let r(d) = d**3 - 15*d**2 + 17*d - 12. Let h be r(14). Suppose -h*x + 26*x + 52 = 0. Calculate the greatest common factor of 104 and x.
13
Let c = 906 + -598. Let h be ((-14)/(-4))/(4/32). What is the highest common divisor of h and c?
28
Let k = -1081 - -1169. Suppose -4*l + 10 = 2*z, -2*l + 0 = 3*z + 1. Let q be l/(-2)*(-55)/10. Calculate the greatest common factor of q and k.
11
Suppose -2*j + 4*j = 6. Suppose -12 = -j*v + 18. Suppose 592 - 232 = 4*s. Calculate the greatest common factor of v and s.
10
Let m(b) = 7*b**2 + 66*b + 144. Let v be m(-30). Calculate the greatest common factor of 24 and v.
24
Suppose -w - 11 = -47. Calculate the greatest common divisor of 16 and w.
4
Suppose -2*n + 4*q = -6, 4*n - 3*n - 4*q = -1. Let p(h) = h**3 - 5*h**2 - 11*h. Let o be p(7). What is the highest common divisor of o and n?
7
Let o(p) = p**3 - 6*p**2 + 11*p + 4. Let q be o(5). What is the greatest common divisor of q and 646?
34
Let z(q) = q**2 + q - 5. Let v be z(7). Let r(t) = -t**2 - 13*t - 19. Suppose -10*f + 5*f = 45. Let j be r(f). What is the highest common divisor of v and j?
17
Suppose 0 = -3*j - j - 4*c + 68, 0 = 4*j + 3*c - 71. What is the highest common divisor of 380 and j?
20
Suppose -m + 5*m + 4*o = 4, o + 5 = m. Let q = 1119 - 1078. Suppose q = 2*c - m. Calculate the highest common factor of 2 and c.
2
Let c be 1*((1 - -2) + -2). Suppose c = -q, 2*f - 5*q - 33 = 68. Calculate the greatest common divisor of 72 and f.
24
Suppose o + 4 = 0, 22 = n + 5*o - 20. Let s = 122 - n. Calculate the greatest common factor of 20 and s.
20
Let d be (2 - -13)*(-51)/(-5). Let i = d - 55. What is the greatest common divisor of i and 14?
14
Let w be (-13)/26 + -3 + (-879)/(-6). Calculate the highest common factor of w and 22.
11
Suppose -83*h = -80*h + 324. Let n = h + 117. Calculate the highest common factor of 9 and n.
9
Let l(c) = -3 + 2*c + 1 - c + 14. Let n be l(-9). Calculate the greatest common factor of 33 and n.
3
Suppose 9*b - 1611 - 1602 = 0. Calculate the greatest common divisor of 21 and b.
21
Suppose 9*z - 7 = 8*z. Suppose 4*h - 3*t - 2*t = 387, 5*h - 4*t = 486. Let x be h/(3/3 + 1). What is the highest common divisor of x and z?
7
Let a be 60876/133 - (-2)/7. Calculate the greatest common factor of 2 and a.
2
Suppose -16*p + 19*p - 361 = -2*h, -3*h = 5*p - 541. Calculate the greatest common factor of 28 and h.
14
Let h be (-125)/(-6*11/66). Suppose -6 = 2*z + 2, 216 = 4*q - 4*z. Calculate the greatest common divisor of h and q.
25
Suppose 25 = -2*b - 3*b, -5*b = -k + 26. Suppose 2*n = o + 1 + 6, k = 5*n + 3*o. Suppose -l + 17 = n. Calculate the highest common divisor of 6 and l.
3
Suppose -127*w + 178 = 3*b - 122*w, -5*w = -3*b + 218. What is the greatest common factor of 495 and b?
33
Let j be (-3234)/(-10) + 6/10. Calculate the greatest common factor of j and 18.
18
Suppose -2*k = 2*k - q - 55, 0 = 2*q + 6. What is the highest common factor of k and 13?
13
Let r be 15/((-60)/(-184))*1/2. What is the highest common factor of r and 115?
23
Suppose 4*d - 16 = 0, 3*o - 950 = -d + 4013. What is the greatest common divisor of 57 and o?
57
Suppose 0 = 3*b - 2*d + 414 - 1314, -2*b - 3*d = -600. What is the highest common factor of b and 60?
60
Let i(b) = -b**3 - 33*b**2 - 36*b - 68. Let w be i(-32). Calculate the highest common divisor of 10 and w.
10
Suppose 5*d + 1 = 21. Suppose 0 = d*r + 12, 2*u = -u - 3*r + 30